 the units digit of 8281?
1
What is the thousands digit of 3169280?
9
What is the hundreds digit of 1802183?
1
What is the millions digit of 17520397?
7
What is the tens digit of 60010?
1
What is the hundred thousands digit of 24452224?
4
What is the ten thousands digit of 6734661?
3
What is the thousands digit of 8965148?
5
What is the ten thousands digit of 9057159?
5
What is the tens digit of 274279?
7
What is the thousands digit of 3647968?
7
What is the thousands digit of 301530?
1
What is the hundred thousands digit of 676016?
6
What is the hundred thousands digit of 235766?
2
What is the tens digit of 79011?
1
What is the units digit of 682618?
8
What is the hundreds digit of 162744?
7
What is the hundreds digit of 18082419?
4
What is the tens digit of 629976?
7
What is the hundred thousands digit of 1258979?
2
What is the tens digit of 7843905?
0
What is the hundreds digit of 582738?
7
What is the ten thousands digit of 448917?
4
What is the thousands digit of 190203?
0
What is the thousands digit of 313004?
3
What is the thousands digit of 4040454?
0
What is the units digit of 235346?
6
What is the hundreds digit of 240277?
2
What is the hundred thousands digit of 9244585?
2
What is the millions digit of 1291786?
1
What is the tens digit of 10368621?
2
What is the units digit of 531056?
6
What is the hundreds digit of 9893310?
3
What is the thousands digit of 431752?
1
What is the ten thousands digit of 2394795?
9
What is the tens digit of 342817?
1
What is the tens digit of 227433?
3
What is the ten thousands digit of 1027307?
2
What is the tens digit of 85056?
5
What is the ten thousands digit of 120827?
2
What is the hundred thousands digit of 1544562?
5
What is the ten thousands digit of 229338?
2
What is the tens digit of 7183931?
3
What is the thousands digit of 843526?
3
What is the thousands digit of 16304695?
4
What is the tens digit of 34217?
1
What is the tens digit of 17278007?
0
What is the thousands digit of 5588396?
8
What is the tens digit of 204615?
1
What is the tens digit of 18306024?
2
What is the units digit of 809460?
0
What is the units digit of 613502?
2
What is the ten thousands digit of 277182?
7
What is the hundred thousands digit of 444740?
4
What is the units digit of 3722940?
0
What is the tens digit of 1470523?
2
What is the thousands digit of 8787865?
7
What is the hundreds digit of 672971?
9
What is the tens digit of 227213?
1
What is the tens digit of 106793?
9
What is the tens digit of 37377?
7
What is the thousands digit of 2401440?
1
What is the ten thousands digit of 658645?
5
What is the tens digit of 663?
6
What is the hundreds digit of 854422?
4
What is the tens digit of 3651569?
6
What is the ten thousands digit of 1160716?
6
What is the hundred thousands digit of 838406?
8
What is the tens digit of 1169423?
2
What is the ten thousands digit of 1003079?
0
What is the units digit of 2039265?
5
What is the hundreds digit of 63296?
2
What is the ten thousands digit of 14771330?
7
What is the units digit of 4011646?
6
What is the units digit of 26979922?
2
What is the thousands digit of 486998?
6
What is the hundreds digit of 55216?
2
What is the thousands digit of 304592?
4
What is the hundreds digit of 2994?
9
What is the thousands digit of 32481?
2
What is the ten thousands digit of 9386548?
8
What is the tens digit of 892830?
3
What is the ten thousands digit of 1454142?
5
What is the tens digit of 71967?
6
What is the units digit of 224153?
3
What is the millions digit of 1460844?
1
What is the units digit of 3503212?
2
What is the hundred thousands digit of 425109?
4
What is the ten thousands digit of 3181022?
8
What is the tens digit of 154003?
0
What is the millions digit of 6173385?
6
What is the hundred thousands digit of 11047056?
0
What is the thousands digit of 9609289?
9
What is the hundred thousands digit of 1512550?
5
What is the tens digit of 344104?
0
What is the hundred thousands digit of 4226869?
2
What is the hundreds digit of 2740092?
0
What is the ten millions digit of 13013830?
1
What is the hundreds digit of 12551816?
8
What is the millions digit of 11089285?
1
What is the tens digit of 4832?
3
What is the thousands digit of 4495316?
5
What is the hundred thousands digit of 1917093?
9
What is the ten thousands digit of 1345472?
4
What is the hundred thousands digit of 2796628?
7
What is the hundred thousands digit of 762431?
7
What is the ten thousands digit of 1769203?
6
What is the hundreds digit of 105888?
8
What is the thousands digit of 3445679?
5
What is the hundred thousands digit of 3972216?
9
What is the tens digit of 689771?
7
What is the hundreds digit of 3169036?
0
What is the ten thousands digit of 32476?
3
What is the ten thousands digit of 24882281?
8
What is the hundred thousands digit of 1095501?
0
What is the units digit of 825619?
9
What is the units digit of 1019986?
6
What is the units digit of 26157653?
3
What is the hundreds digit of 200827?
8
What is the units digit of 437042?
2
What is the units digit of 1802636?
6
What is the hundreds digit of 785986?
9
What is the thousands digit of 1532304?
2
What is the hundred thousands digit of 4090170?
0
What is the millions digit of 1034005?
1
What is the thousands digit of 483975?
3
What is the thousands digit of 147792?
7
What is the hundreds digit of 590344?
3
What is the tens digit of 485574?
7
What is the tens digit of 119171?
7
What is the units digit of 581504?
4
What is the ten thousands digit of 30412060?
1
What is the ten thousands digit of 8758576?
5
What is the thousands digit of 682435?
2
What is the ten millions digit of 33962157?
3
What is the units digit of 211612?
2
What is the hundreds digit of 290212?
2
What is the hundreds digit of 90954?
9
What is the millions digit of 2169898?
2
What is the ten thousands digit of 2505427?
0
What is the tens digit of 228963?
6
What is the millions digit of 2146472?
2
What is the thousands digit of 9203341?
3
What is the hundreds digit of 469065?
0
What is the hundred thousands digit of 1131240?
1
What is the units digit of 9068171?
1
What is the ten thousands digit of 39154798?
5
What is the millions digit of 1619948?
1
What is the hundreds digit of 247030?
0
What is the ten thousands digit of 15264146?
6
What is the ten millions digit of 27457641?
2
What is the hundreds digit of 2132119?
1
What is the hundreds digit of 1730697?
6
What is the ten thousands digit of 108654?
0
What is the hundred thousands digit of 838490?
8
What is the ten thousands digit of 2313282?
1
What is the tens digit of 134229?
2
What is the ten thousands digit of 5369756?
6
What is the ten thousands digit of 26820?
2
What is the ten millions digit of 14241559?
1
What is the hundred thousands digit of 672579?
6
What is the millions digit of 5296015?
5
What is the hundred thousands digit of 1218229?
2
What is the thousands digit of 80821?
0
What is the millions digit of 2962628?
2
What is the units digit of 5686274?
4
What is the hundreds digit of 14336695?
6
What is the ten thousands digit of 237021?
3
What is the thousands digit of 3093888?
3
What is the tens digit of 46928?
2
What is the hundred thousands digit of 239121?
2
What is the hundreds digit of 1277557?
5
What is the units digit of 1620176?
6
What is the units digit of 4773556?
6
What is the thousands digit of 915317?
5
What is the ten thousands digit of 1556162?
5
What is the thousands digit of 492458?
2
What is the ten thousands digit of 634936?
3
What is the thousands digit of 1822876?
2
What is the thousands digit of 7814002?
4
What is the units digit of 182008?
8
What is the thousands digit of 89069?
9
What is the hundred thousands digit of 173737?
1
What is the units digit of 1218784?
4
What is the hundreds digit of 5571117?
1
What is the hundreds digit of 139086?
0
What is the hundred thousands digit of 691065?
6
What is the millions digit of 6864027?
6
What is the ten thousands digit of 6731049?
3
What is the ten thousands digit of 8119316?
1
What is the thousands digit of 1476211?
6
What is the millions digit of 1175999?
1
What is the hundreds digit of 3377315?
3
What is the tens digit of 9846882?
8
What is the hundreds digit of 183849?
8
What is the units digit of 81727?
7
What is the thousands digit of 